ighest common divisor of w and l.
8
Suppose 541 = 2*q - 2*z + 139, 0 = -4*q + 5*z + 807. What is the highest common divisor of q and 18?
18
Suppose 0 = -8*d + 6*d - 24. Let x be (-1 - (4 - 3))*d. Let t = -10 + x. Calculate the greatest common divisor of t and 7.
7
Suppose 4*f - 314 = -3*z, 3*z = 3*f + 323 - 44. Suppose 8 = -2*o, 0 = -5*s + o + 2*o + 22. Suppose -z = r - s*r. What is the greatest common factor of r and 14?
14
Let b(t) = -2*t. Let i be b(1). Let m be 38*-2*1*i. Let n(j) = -j + 8. Let p be n(-11). Calculate the greatest common divisor of m and p.
19
Suppose -c = -0*c - 104. What is the greatest common factor of c and 13?
13
Let c = -277 + 413. Let s = 817 + -800. What is the greatest common factor of s and c?
17
Let k(p) = p + 6. Let j be k(-6). Suppose j = 4*o - 43 - 37. What is the greatest common divisor of 10 and o?
10
Suppose -12*b + 10*b = -288. Calculate the highest common factor of 16 and b.
16
Let p be ((-8)/(-20))/(0 + (-2)/(-10)). What is the highest common divisor of 22 and p?
2
Suppose 2*i + 0*i = 3*c + 24, -c = i - 2. Let u(t) = t - 1. Let s be u(10). What is the greatest common factor of i and s?
3
Suppose -31 = -12*z + 5. What is the greatest common divisor of z and 27?
3
Suppose 0*o - 4*o = -3*l + 40, -3*l + o + 28 = 0. Calculate the greatest common factor of l and 20.
4
Let u(p) be the third derivative of p**5/60 + p**4/12 + 5*p**3/6 + 4*p**2. Let a be u(-5). Calculate the highest common factor of a and 180.
20
Let u(x) = -x**3 - 5*x**2 + 6*x + 4. Let a be u(-6). Suppose -a*g + 2*g = -112. Calculate the highest common divisor of g and 8.
8
Suppose -3*c = -3*k + 171, 4*k - 5*c + 0*c = 231. Let w = 11 + -7. Let a be w/6 - 156/(-9). Calculate the greatest common factor of a and k.
18
Let y = 328 + -232. Calculate the greatest common divisor of y and 12.
12
Let y(p) = p**2 - 3*p - 6. Let o(t) = -4*t - 2. Let d be 2/7 - (-16)/(-7). Let q be o(d). Let b be y(q). Calculate the highest common divisor of b and 12.
12
Let v be ((-144)/32)/(2/(-4)). What is the highest common factor of 63 and v?
9
Let n = 2 + 0. Calculate the greatest common divisor of n and 10.
2
Let n(t) = t**3 - 5*t**2 + 2*t - 4. Suppose 5*o - 14 = 11. Let v be n(o). Let p be 8 - 6 - (0 + 1). What is the greatest common divisor of v and p?
1
Let p be (3 - (-1)/1) + (-24)/(-1). What is the greatest common divisor of 42 and p?
14
Let r = 84 - 48. Calculate the greatest common divisor of 90 and r.
18
Let w be ((2 - 0) + -2)/(-1). Let o be (26 + -14)*(w + 1). Let c be 0/2 + (3 - -1). What is the greatest common divisor of o and c?
4
Let w(q) = 8*q**2 + 3*q. Let j be w(-3). Calculate the highest common factor of j and 9.
9
Let r(m) = m + 12. Let k be r(-10). Suppose -h + 33 = k*h. Let q be (1 - -76)*(-5)/(-5). What is the greatest common factor of h and q?
11
Suppose -5*z = -8*z + 18. Let u(t) = t. Let h be u(z). What is the greatest common divisor of h and 15?
3
Suppose 5*r + 4*p + 194 - 56 = 0, 0 = -r + 4*p - 18. Let i = r + 140. Let y = i - 78. Calculate the greatest common factor of 9 and y.
9
Suppose 3*a = 2 + 10. What is the highest common factor of a and 4?
4
Let p be -3 + 1 - -1*3. Let m be (p + 0)*(-1)/(-1). What is the highest common divisor of 11 and m?
1
Let f be (-6)/(-2)*(-4)/(-2). Calculate the highest common factor of 24 and f.
6
Let f = -13 + 14. Let c(m) = -m**3 - 2*m**2 - m - 3. Let h be c(-3). What is the highest common divisor of h and f?
1
Suppose -5*a + 9 = -2*a. Suppose -3*j + 6 + a = 0. Suppose -4*t + 12 = -j*t. Calculate the highest common divisor of 12 and t.
12
Let j be 3 + -5 + (-114)/(-2). Let y be (16/(-20))/((-2)/j). What is the highest common factor of 33 and y?
11
Let o = -3 - 1. Let s be 1/(-4) + (-513)/o. Calculate the greatest common factor of 16 and s.
16
Let k(t) = t**2 - t - 4. Let c be k(3). Suppose -6 = -c*d, 6*r = r - 2*d + 51. Let v = -7 + r. Calculate the greatest common factor of v and 16.
2
Let x(v) = -v**2 - 14*v + 23. Let t be x(-15). Calculate the highest common factor of t and 168.
8
Let h = 23 + -14. Let x(u) = -u**3 + 10*u**2 - 8*u + 8. Suppose 0 = -5*t + 3*t + 14. Let m be x(t). Calculate the highest common factor of m and h.
9
Let l be (45/(-20))/(3/(-8)). What is the highest common factor of l and 6?
6
Suppose -2*b - 70 = -7*b. Suppose -4*f + 594 = 146. Calculate the highest common divisor of f and b.
14
Let l = 2 - -3. Suppose -l*s + 15 = 4*k, -k = 4*s + k - 18. Let d = 0 - -35. Calculate the greatest common divisor of d and s.
7
Suppose 3*d - 6 = 2*i, -2*i + 6 = -d + 4*d. Let u(l) = 1 + d*l + 0*l - 3*l. Let a be u(-3). Calculate the greatest common divisor of a and 40.
4
Suppose 30 = 4*m - 2*k, 0 = -4*k - 1 - 3. Suppose 5*h - 5 = j, -2*j + m*j - 83 = -2*h. What is the highest common factor of 105 and j?
15
Let f = 14 + -12. Calculate the highest common factor of f and 8.
2
Let s be (-614)/(-6) - (-3 + 20/6). What is the highest common divisor of s and 153?
51
Suppose 4*j - o - 549 = 4*o, 5*j - 5*o - 685 = 0. What is the greatest common factor of 34 and j?
34
Let t be 320/18 - (-12)/54. What is the highest common factor of t and 36?
18
Suppose 0 = 60*h - 64*h + 616. Calculate the greatest common divisor of 14 and h.
14
Let l be 550/6 - (-2)/(-3). Let a(r) = r**3 + 7*r**2 - 6*r + 10. Let m be a(-8). Let c be (3/m)/((-2)/52). What is the highest common divisor of l and c?
13
Suppose 5*p - 117 = -3*g, 2*p + 14 = -3*g + 131. What is the highest common divisor of 26 and g?
13
Let x = -49 + 69. Suppose 3*o + 2 - 10 = -4*t, 0 = 2*t + 5*o - 4. What is the greatest common divisor of x and t?
2
Let u(w) = w**3 - w - 2. Let s be u(2). Let m = -11 + 55. What is the greatest common factor of s and m?
4
Let j(v) = -v**3 - 5*v**2 + 6*v + 8. Let y(s) = s**2 + 7*s. Let d be y(-6). Let x be j(d). What is the greatest common factor of x and 16?
8
Let v(u) = u**2 + u + 3. Suppose 3 = -3*s - l + 2*l, -2*s = -4*l + 12. Let g be v(s). Let y be (2 - g)/(2/(-98)). What is the highest common factor of 7 and y?
7
Let q = 4 - -4. Let p(k) = 2*k**2 - 13*k + 12. Let o be p(q). Calculate the greatest common divisor of 9 and o.
9
Let d be 3 - (-2 + (-3 - 48)). What is the greatest common divisor of d and 8?
8
Let p(b) = -b + 7. Let s be p(5). Suppose z - 47 = -4*z - 2*g, 17 = s*z - g. Calculate the highest common divisor of 81 and z.
9
Suppose -61 = -3*a + 137. What is the greatest common factor of a and 6?
6
Let h = 18 + -12. Suppose 3*r - 75 + 21 = 0. Calculate the highest common divisor of r and h.
6
Let z = 5 - 22. Let m = -6 - z. Suppose 0 = -2*t + 2*y + 3*y + 59, 5*y = -t + 7. Calculate the highest common factor of m and t.
11
Let h be 2/(1/(-4)*-2). Suppose -2*g = -n - 7, h*n + 3*g + 0*g - 16 = 0. What is the greatest common factor of n and 1?
1
Let u(v) = v + 6. Let f be u(0). Let k = 2 + f. What is the greatest common factor of 20 and k?
4
Let t(i) = 23*i + 120. Let q be t(-5). Let z be (5/3)/(2/18). What is the greatest common divisor of z and q?
5
Let g(o) = -2*o - 11. Let j be g(-8). Suppose -j*n = -y + 27, -27 + 9 = -2*y - 2*n. What is the greatest common factor of y and 30?
6
Let o = 6 + 14. Suppose -3*r - o = -83. What is the highest common factor of 14 and r?
7
Let c = -7 + 12. Suppose -3*i = -i + 4*l - 142, -2*l = -c*i + 319. What is the highest common factor of 13 and i?
13
Let x(z) = z + 3. Let v = -4 - -8. Let g be x(v). Calculate the highest common divisor of 21 and g.
7
Suppose -2*w = -w + 7. Let q = 14 + w. What is the highest common factor of 1 and q?
1
Suppose 2*x = 5*x - 12. Suppose 0 = o + x*o - 160. Let z(m) = 4*m**2 + 32*m + 8. Let d be z(-8). What is the highest common factor of o and d?
8
Suppose 68 = 4*u - 2*d, -5*d + 6 = 4*u - 34. What is the greatest common divisor of 6 and u?
3
Suppose v + 36 = 4*b, 0 = -0*b - 2*b + 3*v + 8. What is the highest common factor of 25 and b?
5
Let s(a) = 3 + 3*a**2 - 3 - 2 + 2*a. Let q be s(-2). Let g(d) = 9*d - 6. Let l be g(q). Calculate the greatest common factor of l and 12.
12
Let b be 1/((-30)/16 - -2). Let z(g) = g**2 - 2*g - 3. Let j be z(5). Let v = b + j. What is the greatest common factor of v and 50?
10
Suppose -300 = -33*k + 28*k. What is the highest common divisor of 10 and k?
10
Suppose -f + 176 = 2*t, 0*t = t. Calculate the highest common divisor of